 Let n be 10/h - (-42)/10. Suppose 4*j + 2*c = 1154, -n*c = -j - 0*c + 275. Calculate the greatest common factor of j and 41.
41
Let d = 4 + 3. Let i = -115 - -113. Let c be 51 - (3 + 1 + i). Calculate the greatest common divisor of d and c.
7
Let t = 622 - 622. Suppose -4*d - f = -t*d - 856, 4*d + 3*f = 848. What is the highest common factor of d and 5?
5
Let h be (1 - (-4)/(-10))/(80/400). Suppose h*j + 5*t = 33, -2*t = -5*j - t + 83. What is the greatest common divisor of j and 80?
16
Let u(f) = 640*f + 9638. Let k be u(10). Calculate the greatest common divisor of 22 and k.
22
Suppose -147*t = -40*t - 14552. What is the highest common factor of t and 714?
34
Suppose 99 = j - 3*k, 2*j - 5*k - 153 - 45 = 0. Suppose -12*m = -21*m + 240 + 354. What is the highest common divisor of m and j?
33
Suppose 49 = 13*c + 10. Suppose c*k - 73 = 554. What is the greatest common divisor of 11 and k?
11
Let c(g) = 3*g**2 - 15*g - 24. Let v = 418 - 407. Let k be c(v). Calculate the greatest common factor of k and 58.
58
Let r(w) = 338*w - 2002. Let i be r(6). What is the highest common divisor of i and 73?
1
Suppose -3*s + 280 = 2*s. Suppose 1967*l + 3318 = 2125*l. Calculate the greatest common factor of s and l.
7
Let l(x) = 110*x**3 + 2*x**2 - x. Let t be l(1). Let h = 138 - t. Calculate the greatest common divisor of h and 216.
27
Let m be -6 + (-152)/(-26) - 7740/(-117). Let f(n) = -n**2 - 26*n + 39. Let g be f(-27). What is the greatest common factor of g and m?
6
Let w be (-97)/(-582) - 25079/(-6). Calculate the greatest common factor of w and 132.
44
Let x = 101 + -98. Suppose 0 = -4*g - x + 31. Let l be -9*(-2)/6 + g. What is the greatest common divisor of l and 110?
10
Let c(x) = 172*x + 1277. Let r be c(-6). What is the greatest common factor of r and 40?
5
Let n = -149 - -219. Let a = n + -67. Suppose -58 + 16 = -a*z. What is the highest common divisor of 42 and z?
14
Let u(a) = -3*a + 4. Suppose -2*t + 11*t - 27 = 0. Suppose -5*y - 5 = -t*i, i - 6 + 3 = 3*y. Let x be u(y). Calculate the highest common divisor of x and 56.
7
Suppose -15*t - 2*r = -18*t + 1492, -t + 5*r + 506 = 0. Calculate the greatest common factor of t and 64.
16
Let j = 13202 + -12617. Calculate the greatest common divisor of j and 2210.
65
Let f = 35635 - 17124. What is the highest common divisor of 107 and f?
107
Suppose 78 = -11*l + 478 + 1250. Calculate the greatest common factor of l and 1050.
150
Let f be ((-310)/8)/(2/72). Let r = -370 - f. What is the greatest common factor of 41 and r?
41
Let j(q) = 184*q**3 + 3*q**2 + 12*q - 13. Let s be j(1). What is the highest common factor of s and 1333?
31
Let r = -23 - -31. Suppose a + k + 7 = 4*a, -r = -5*a - 2*k. Let v be (124/(-8) + a)*40/(-12). Calculate the highest common factor of 18 and v.
9
Suppose 4*t - 5*j = 143, -557*t + 558*t = 2*j + 32. Calculate the greatest common factor of t and 382.
2
Let d(n) = n**3 - 14*n**2 - 15*n + 8. Let i be d(15). Let m = -1 - -5. Suppose -123 = -m*q + 5. Calculate the highest common divisor of i and q.
8
Suppose 5*u + 5*a - 205 = 0, 36*u - 118 = 33*u + 2*a. Let b be (546/65)/(-1 - 206/(-200)). Calculate the greatest common divisor of b and u.
40
Suppose 62 = -0*z + z + v, -136 = -2*z + 4*v. Suppose 5*h + 2*h - 553 = 0. Suppose h = -16*s + 335. What is the greatest common factor of s and z?
16
Let t = 7663 + -6162. Calculate the greatest common divisor of 632 and t.
79
Let w = -1619 + 1652. Let h = 4 - 1. What is the greatest common divisor of h and w?
3
Let i be (4 - 38)/(-7 + 8). Let n = 111 + i. What is the greatest common divisor of n and 33?
11
Let h be (-1 - -1) + (-900)/(-5) - 5. What is the greatest common divisor of 75 and h?
25
Let m = 122 + -117. Suppose 46 = 4*s + t, 2*t + m = s - 11. Calculate the highest common divisor of 228 and s.
12
Suppose -3*d = 1470 - 141. Let q = -299 - d. Let h = q - 93. Calculate the greatest common factor of 34 and h.
17
Let w be -1 + 14/18 - (-52)/(-9). Let o be (-25 - 1)/(3/w). Calculate the highest common divisor of 468 and o.
52
Let g = -155 - -157. Let k(p) be the third derivative of p**6/24 - p**4/8 + 2*p**3/3 - p**2. Let a be k(g). Calculate the greatest common divisor of 342 and a.
38
Suppose -3*l + 251 = m, 4*m = 190 - 194. What is the greatest common divisor of 1500 and l?
12
Suppose 4*o = -2*g + 243360, -3*g = -79*o + 84*o - 304199. What is the highest common factor of o and 11?
11
Let j(x) = 20*x**2 + 10*x - 8. Let i be j(-5). Suppose 12*s - i = 1538. What is the greatest common factor of 55 and s?
55
Let l be (-66)/462 - 1542/(-14). Let a be ((-12)/8)/((-3)/40). What is the highest common factor of l and a?
10
Let m = -5044 - -21761. What is the greatest common divisor of m and 687?
229
Let k(d) = -3 + d**2 - 41*d - 9 + 26 + 71. Let w be k(2). What is the highest common factor of w and 28?
7
Suppose 3*s - 103 = 8. Suppose -2*m + 7*m + 35 = 0. Let d(v) = v**3 + 6*v**2 - 12*v + 2. Let w be d(m). Calculate the greatest common factor of w and s.
37
Let x = 16777 - 16492. Calculate the highest common divisor of 665 and x.
95
Suppose 154*h = 144*h + 130. Suppose h*o - 109 = -96. Let m = 3 - 1. What is the greatest common factor of m and o?
1
Let j = -7161 + 8001. What is the highest common factor of j and 595?
35
Let b be (32/12)/((-16)/(-456)). Suppose -b*a + 69*a = -1470. Calculate the highest common divisor of 15 and a.
15
Let f(x) = 9*x**2 + 12*x + 3 - 11 + 23*x - 37*x. Let b(m) = -4*m + 4. Let i be b(2). Let n be f(i). Calculate the greatest common factor of 12 and n.
12
Let m = -15913 + 15946. Let s(d) = d**2 + d - 2. Let c be s(-2). Suppose 4*v = 12, a - 171 = -2*v - c*v. Calculate the highest common factor of a and m.
33
Let c be (-4 - 0)/(2/(-24)). Suppose -4*s + 80 = -x, 0 = -3*x - 3*s - 42 - 123. Let n be x/45*(-91 + 1 + 0). Calculate the greatest common divisor of n and c.
24
Suppose t + 1036 = 3*t. Let x(k) = 11*k**2 - 29*k + 2. Let j be x(3). Calculate the greatest common factor of t and j.
14
Let a(h) = -124*h - 727. Let q be a(-6). Let b = -7 + 10. What is the greatest common divisor of b and q?
1
Let s = 9113 - 7763. Calculate the greatest common factor of 850 and s.
50
Let h(j) = 8*j + 325. Let m be h(-40). Suppose 2*n + 11 = -m*w, 12*n = 8*n - 2*w + 2. Calculate the highest common factor of n and 8.
2
Suppose 22*t - 47250 = -5*t. What is the greatest common factor of 56 and t?
14
Let a be 3*(-4180)/(-891) - -5*2/(-135). Suppose 4*x = 9*x - 150. Calculate the highest common factor of x and a.
2
Suppose 9*f = 4*b + 4*f + 21, -4*f = -20. What is the highest common factor of b and 256?
1
Suppose 9*x + o = 394, -4*x + 4*o = -5*x + 36. What is the greatest common divisor of 64 and x?
4
Let z(y) = 8*y**2 + 272*y + 10. Let w be z(-34). What is the greatest common divisor of 790 and w?
10
Let g(l) = 172*l**2 + 197*l - 197. Let x be g(1). Calculate the highest common divisor of 16 and x.
4
Let t = -9254 - -11479. What is the greatest common factor of t and 267?
89
Let v = 243 - -1176. Calculate the highest common divisor of 231 and v.
33
Let o be (-184)/(-30) + 36/(-270) + -3. Suppose -5*r = 0, o*r + 522 = 4*v - 1890. What is the highest common factor of 9 and v?
9
Let q = -219 - -222. Suppose -4*t + q*r + 27 = -0*t, 21 = 3*t - 3*r. What is the greatest common divisor of 147 and t?
3
Suppose l - 30 = 14. Suppose -5*r = -x + 387, 91*r - 28 = 95*r. Calculate the greatest common factor of l and x.
44
Let q = -19604 + 19742. What is the highest common divisor of 462 and q?
6
Let p(n) = -12*n - 30. Let f be p(-15). Suppose -3018 = -186*l + 646 + 800. What is the highest common factor of f and l?
6
Suppose -5*z = 5*h - 35, -5*h + 4*z = 5*z - 19. Suppose h*j + 4*d - 189 = 0, -31*j + 36*j - 4*d - 315 = 0. What is the highest common factor of j and 18?
9
Let m be 102/(1*5/15). Suppose 2*k - 172 = 17*t - 22*t, k = -2*t + 69. What is the highest common factor of m and t?
34
Let z(a) = -a**3 - 8*a**2 + 8*a + 60. Let r be z(-8). Let l be (46 - r)*(-3)/15*-36. What is the greatest common factor of l and 288?
72
Let a = -172786 - -173154. Let z = 31 + -15. Calculate the greatest common factor of z and a.
16
Suppose 4*u = 284 + 80. Suppose 15 = -5*p, -4*p + 29 = b - 24. Calculate the greatest common factor of b and u.
13
Let y = -204 + 296. L